he highest common factor of 216 and a.
24
Let w be 42*1/(3/4). Let a(u) = -u**2 + 24*u - 37. Let p be a(8). Suppose p = 83*m - 70*m. Calculate the highest common factor of m and w.
7
Suppose -15*z + 348 = -11*z. Let x = 90 - z. Suppose -x*h - 19 = -3*i + 11, 0 = -i + 3*h. What is the highest common factor of i and 15?
15
Let p = 35583 - 35570. Suppose 2*c - 468 = -2*c. Calculate the greatest common divisor of p and c.
13
Suppose -h + 21 = 3*i, 0 = -3*h - h + 2*i + 70. Let c(u) = u**2 + 14*u - 52. Let m be c(-21). Let b = -89 + m. What is the greatest common divisor of b and h?
6
Let l be 1 + -18*6/84 + (-4454)/(-7). What is the highest common divisor of 12 and l?
12
Let t = 10 - 10. Suppose -4*d + 3*d + 75 = t. Suppose d = 5*k + 2*v, 4*k + 3*v = -2*v + 43. Calculate the greatest common factor of k and 34.
17
Suppose -n = 115*r - 118*r + 2136, r = 2*n + 712. Calculate the greatest common divisor of 32 and r.
8
Let q = -33253 + 55563. Calculate the greatest common divisor of 388 and q.
194
Suppose 0 = 2*b - 5*z + 2, -4*z = -0*z. Let a(j) = 3*j**2 + 5*j + 5. Let m be a(b). Let x be 3 + -6 + 7 + -1. Calculate the greatest common divisor of x and m.
3
Let g be (-32410)/(-2310) + 3/(-99). Let k be 9 + 0/2 + -2. Let d = -5 + k. Calculate the highest common factor of g and d.
2
Let u(g) = -4*g**2 + 4*g + 76. Let o be u(4). Calculate the greatest common divisor of 1309 and o.
7
Let k(w) = -4*w**2 + 71*w + 28. Let f be k(18). What is the highest common factor of f and 190?
10
Suppose -6*q = -20*q + 70. Suppose -12*c + 14 = -q*c. Suppose c = -z + 7, -p - 5*z + 61 = 0. What is the greatest common divisor of p and 24?
12
Let g be (-1)/(-2) - 312/(-16). Suppose -10*c + 133 = -77. Suppose -c*v + 1984 = -116. What is the highest common divisor of g and v?
20
Let a be 10/35 + (540/21 - -2). Let s be 8/a - 832/(-28). What is the greatest common divisor of s and 20?
10
Let d be (-5)/3 - (-894)/18. Let p = 34 - 2. Calculate the highest common factor of p and d.
16
Let k = -29 - -31. Suppose -k*w = 3*w. Suppose w*g + 6*g - 1056 = 0. What is the greatest common divisor of g and 22?
22
Let i(a) = 81*a + 737. Let f be i(-9). Suppose 0*q - 10 = 5*q. Let m be 8/(1 + q + 2). What is the highest common factor of f and m?
8
Let q(h) = h**3 + 17*h**2 + 52*h + 9. Let x be q(-13). Suppose -604 + 145 = -x*a. Calculate the greatest common divisor of 391 and a.
17
Let i(w) = -w**3 + 20*w**2 - 41*w - 25. Let t be i(17). Let p be -1 + -4 + 0 - (-53 + -10). What is the greatest common factor of t and p?
29
Suppose 3*d - 2*u - 140 = 0, 4*d - u - 2 - 178 = 0. Let v = d - 31. Let b = v + 2. What is the highest common factor of b and 5?
5
Suppose 5*m - 2*r = 120, -60*m - 3*r + 7 = -59*m. Calculate the highest common factor of 22 and m.
22
Suppose -15*d = -16*d + 2*b + 81, 4*d - 303 = b. Calculate the highest common factor of d and 57.
3
Let l(a) = a + a - a + 2 + 12. Let v be l(-12). Suppose -3*m + 5*k - k = -48, 0 = m - 5*k - 27. What is the greatest common factor of v and m?
2
Let h(k) = 17*k + 135. Suppose 0 = 2*t + 2*n + 6, n = 3*t + 17. Let c be h(t). What is the highest common divisor of c and 60?
10
Let w(n) = n**3 - 17*n**2 + 13*n - 13. Let y be w(17). Let k = -189 + y. Calculate the highest common factor of 19 and k.
19
Suppose h + 465 = 4*j, 4*j + 4*h - 625 = -125. Calculate the greatest common factor of 162 and j.
2
Let q(p) = 4*p + 88. Let i(r) = 2*r**2 + 13*r - 36. Let f be i(-8). Let j be q(f). Calculate the greatest common divisor of 64 and j.
8
Suppose 0 = 30*h - 0 - 0. Suppose h = -18*u + 331 + 353. Calculate the greatest common factor of 2 and u.
2
Let s be (-5)/(30/(-4))*39. Let j(k) = 15*k + 572. Let v be j(-38). Calculate the highest common divisor of s and v.
2
Let k be 1812/(-4077) + (-535)/(-9). Calculate the highest common divisor of 5723 and k.
59
Let k be (-30)/70 - 3090/(-7). Let w = 1033 + -984. Calculate the greatest common divisor of k and w.
49
Let d = -151 + 247. Suppose 4*u + 24 = 24. Suppose 3*y - y - d = u. Calculate the highest common factor of y and 24.
24
Suppose -3*m + u = 0, 0 = -0*m + 2*m - u + 1. Let v = 5698 + -5689. What is the highest common divisor of v and m?
1
Let v(d) = 4*d**3 - d**2 + 13*d - 23. Let t be v(5). Calculate the highest common divisor of 188 and t.
47
Suppose 0 = -5*j - 2*x + 5, -2*j = -5*j - 5*x - 16. Let v(b) = b**2 - 3*b + 3. Let m be v(-7). Let h = -58 + m. Calculate the highest common factor of j and h.
3
Suppose 18*x - 5103 = -1611. Let p = x + -140. Calculate the greatest common factor of 486 and p.
54
Suppose 49*g - 748 - 455 = -174. Let x be ((-6)/8)/((-5)/980). What is the highest common divisor of x and g?
21
Suppose 150*r - 386754 = -50604. Calculate the greatest common divisor of r and 166.
83
Suppose -p - 18182 = -3*d, -3*d - p + 4*p + 18192 = 0. Calculate the highest common factor of 166 and d.
83
Let v(f) = 4*f + 16. Let o be 5/(-10)*9*8/(-3). Let q be -3 - ((-39)/o - (-2)/8). Let p be v(q). Calculate the highest common divisor of p and 80.
16
Let a be 15 - (1 + 4/4). Let z(g) = -2*g**2 + 24*g + 31. Let p be z(a). Calculate the highest common factor of 4 and p.
1
Let v(c) = 6*c - 162. Let q be v(36). What is the greatest common factor of q and 474?
6
Suppose 4*p + c + 228 = 671, 5*c = p - 95. What is the highest common divisor of 682 and p?
22
Let y(h) = 7*h**3 - 2*h + 1. Let r be y(1). Let j be 1/16 - 9945/(-624). Let b be (r*(-4)/j)/((-1)/6). What is the highest common factor of 63 and b?
9
Let s = 3485 - 2260. What is the greatest common divisor of 392 and s?
49
Let v = -14566 - -14787. Calculate the highest common factor of v and 40001.
221
Let z(t) = t**3 + 20*t**2 - 45*t - 30. Let c be z(-11). What is the greatest common factor of c and 84?
42
Let s be ((-4)/6)/((-8)/(-12)) + -22043. Let g be 4/(-18) + s/(-297). Calculate the greatest common divisor of g and 333.
37
Suppose 6*f - 5*f = 5*u, -3*u = 2*f + 26. Let k(v) = -v**2 - 16*v - 24. Let p be k(f). What is the greatest common factor of p and 162?
18
Let v be 66/4 + (-3)/6. Let j = 11716 - 11572. Calculate the highest common divisor of j and v.
16
Suppose -6*y + 32 = -2*y. Let l(d) = d - 11 + 20 + 0*d. Let n be l(-5). Calculate the greatest common divisor of y and n.
4
Let f be (-156)/(-2)*-1*(-4)/(-24)*-3. What is the highest common divisor of 3237 and f?
39
Suppose -25 = -2*i + 3*h, 0*h = -h - 3. Suppose -2*n - i*n = -50. What is the highest common divisor of n and 85?
5
Let l = -8 + 10. Suppose -3*b + 13 = -2*x - l*b, 0 = 5*x - 5*b + 25. Let q(s) = s**2 + 6*s - 1. Let u be q(x). What is the highest common divisor of u and 120?
15
Let w be (-19)/(-133) - (-83375)/161. Calculate the greatest common factor of w and 238.
14
Let l be 155/10*(0 - -6). Let r be (-9)/(18/(-14)) - 1. Suppose -r*i + 620 = 14*i. What is the highest common factor of l and i?
31
Let u = 137 + -151. Let j be u/1*(-110)/35. Calculate the greatest common divisor of 44 and j.
44
Let o = -2 + 8. Let x be ((-80)/6)/((-1)/o). Let p = -25938 - -26058. What is the greatest common divisor of x and p?
40
Let o(w) = 26*w**2 - 7*w + 2. Let b be o(3). Suppose -4*x + 3*i = -193, b = 3*x + 3*i + 44. Let k = x + -10. What is the highest common factor of 6 and k?
6
Let d be (-15)/(-9) + 1/3. Suppose -6*u = -d*u - 56. Calculate the greatest common divisor of u and 2.
2
Suppose 3*w + 31 = v, -5*v + 124 - 7 = 4*w. Let r be v/(-10)*2448/(-30). What is the greatest common divisor of 357 and r?
51
Let a = -7738 + 9157. What is the greatest common divisor of 88 and a?
11
Suppose 882 = 82*a - 512. Calculate the greatest common factor of a and 731.
17
Suppose 4*b - 367 - 899 = 3*u, 2*u = 5*b - 1579. What is the greatest common divisor of 60 and b?
15
Let i = -171 + 177. Suppose 0*k - i*k = -348. What is the highest common divisor of k and 638?
58
Let s be 0 - (-323 - (-4)/8*0). Let v be 1/(-6) + s/102. Suppose 0 = -2*g + 6*g + 8, -v*w - 2*g = -92. What is the greatest common factor of w and 48?
16
Suppose -73*o + 60832 = -95315. What is the highest common divisor of 558 and o?
93
Let i(x) = -x**3 - 15*x**2 - 7*x - 19. Let u be i(-6). Let p = -297 - u. What is the highest common divisor of p and 11?
1
Suppose 5*d + 659 = 59. Let v = 67 - -121. Let b = v + d. What is the greatest common divisor of b